60
What is the value of -17 - (7 + 70 + -123)?
29
166 - 107 - -90 - 66
83
Evaluate -26 - ((2 + -143 - -39) + -17).
93
Evaluate 16 - 1 - (48 - (-25 + (-55 - -41))).
-72
Calculate 10 + -6 + (-352 - -313).
-35
What is 50 - (-39 + (10 - 6) + 110)?
-25
What is -9 - 35 - -32 - -6?
-6
Evaluate -82 - (-127 - (151 - 215)).
-19
(4 + 82 - 130) + -1 + 8 + 2
-35
Evaluate (392 - 313 - (-53 + 9)) + -17 + 1.
107
What is the value of (56 - 32) + 78 + -36?
66
What is the value of -40 + 6 - -58 - 43?
-19
Evaluate (78 + 10 - (10 + -4)) + -12.
70
-5 + (-40 - -143) + -38
60
What is 30 + (-2 - 10) + (3 - 13) + 76?
84
-8 - -5 - (-40 - -38 - (-6 + -2))
-9
34 + -36 + -8 + 1
-9
What is the value of 0 + (-8 + -6 + -8 - 9) - -7?
-24
-46 + 56 + -20 + 38 + -23
5
What is (-2 - (1 + -1)) + (451 - 460) + (14 - 0)?
3
What is 0 - (39 + -47 - (1 + -20))?
-11
51 + (-58 - -52) - 27
18
What is the value of -64 + (18 - -43) + 24?
21
Evaluate -1 - (-62 - -1) - (-194 - -200) - 14.
40
Calculate -18 + 51 + 26 + -91 + 118.
86
What is 61 + 39 + 20 + -42 + 3?
81
Evaluate 1 + -31 + (-81 - -84) - -18.
-9
Calculate (38 - 34 - (-1 - 4)) + (-2 - -4) - 78.
-67
1 - ((1504 - 1487) + (4 - (0 + 2) - 7))
-11
Calculate 82 + -1 + (2 + 68 - (-278 - -333)).
96
Calculate -906 - -851 - (-30 - 1).
-24
Calculate 257 - (149 - 10) - 209.
-91
What is (13 - (-12 + -5)) + (-115 - -167)?
82
Evaluate -21 + 55 + -153 + (9 - -8).
-102
Evaluate (6 - 3) + 21 - (1192 - 1245).
77
Calculate -20 + -5 + 33 - ((1 - -1) + 37).
-31
38 - (-13 - (26 - 43 - 4))
30
-107 - (-60 - 36) - (-2 + -6 + 0) - -9
6
Evaluate 15 + (3 - (59 - 42 - (2 + 9))).
12
What is the value of 9747 + -9593 - (-1 - -74)?
81
(-161 - -191) + -37 - (0 + -59 - -1)
51
Calculate (13 - -93) + -141 + 10.
-25
Calculate -20 + (70 - (-30 + 64) - 9).
7
Evaluate (78 - (22 + 44) - (-12 - 0)) + 20.
44
What is the value of -28 - (164 + -170 + (2 - -19))?
-43
0 - (8 - 9) - -10 - (37 - 4 - -21)
-43
What is -29 + -4 + 10 + (-2 - -10) + -8?
-23
What is the value of 21 + -49 - (36 - 14)?
-50
(1 - 1) + -16 + (-2899 - -2863)
-52
-11 + (-13 - 12) + 4 + -13 + -3 + 22
-26
Calculate -47160 + 47130 + (1 + -1 - -119).
89
Calculate (224 - 52 - 150) + (0 - 2).
20
58 - ((-52 + 7 - -39) + -21)
85
Evaluate 3 + -13 - (-12 + 7 - (14 + 17 + -15)).
11
Calculate 65 + 9 + ((11 - 12) + 7 - 14).
66
Calculate -41 + 34 + -21 + 31.
3
((14 - 5) + 0 - -5) + -21
-7
What is the value of (25 - -58) + 36 + -62?
57
What is the value of 11 - (-30 + 40 - (8 - -5))?
14
Evaluate 9 + (102 - 25) - (-22 + 20).
88
34 + (1 + -14 - 7) + 15
29
What is 0 + (-7 - -9 - -28) + -6 - (0 - 7)?
31
Evaluate -9 + (37 - 17) - (4 + 5 + -21 - -16).
7
-1 + 23 + 2 + (7 - (-18 - (-9 + -14)))
26
Calculate -12 + -1 + (-96 - (-41 + -54)) + 16.
2
What is the value of (1 - 5) + 15 + (-26 - (9 - 21) - -19)?
16
Evaluate (-43 - (-93 - -84)) + 84.
50
Calculate (-10 - 2) + -14 + (17 - (2 + 22) - 5).
-38
Calculate -25 + (-10 - 0) + (28 - 11) + -12.
-30
What is the value of (-33 - (13 + (-11 - -4))) + 3?
-36
(-38 - 49) + -31 - (-43 + 24)
-99
Evaluate (-59 - -50) + (-15 - 6) + -18 + -3.
-51
-148 - (142 - (138 - -14))
-138
10 - ((-11 - 3) + 29 + -20 - (-2 + 38))
51
Evaluate 50 + -5 + (22 - -2) + -28.
41
Calculate -623 - -655 - (59 - -16).
-43
What is (-1 - (3 - 54)) + (-61 - -83) + -22?
50
What is the value of 3 - 13 - -23 - (15 - -18)?
-20
Calculate -108 - (-488 - -472 - (-15 + -1)).
-108
What is 6 + 15 + 87 + 57 + -45 + -1 + 0?
119
Evaluate 40 - -61 - 81 - (14 - -1).
5
What is the value of 38 - (-25 - -27) - (24 + -3)?
15
29 + 0 - ((2 - 1) + (29 - (-8 + 33)))
24
What is the value of -4 + (79 - 30) + -2 + 3 + 2?
48
Calculate 52 + -165 + 126 - (-21 - -1).
33
Calculate 1 + (-5 - -12) + -69 + 3 + (2 - -2).
-54
-36 + 44 + 74 + -163
-81
What is the value of -6 - -55 - (255 + -264)?
58
Evaluate -44 + 6 - -82 - 38.
6
What is the value of 10 + (20 - (15 + 4)) - (-5 + -5)?
21
49 - ((33 - (-32 + 59)) + 10)
33
Evaluate (2 - -10) + -27 + (3 - -14).
2
Calculate (0 - (-16 - (-29 + 7))) + (4 - 3).
-5
What is (-2 - 53) + -77 + 128?
-4
What is the value of -18 + (75 - (-62 + 97)) - (-21 - -1)?
42
Evaluate (-6 - 0) + 9 + -10 + 12 + -11.
-6
What is the value of -41 - -27 - (-1 + -15 - (-119 + -15))?
-132
What is the value of -38 + 4 - (-80 + 64 - (-14 - 1))?
-33
Evaluate 9 + 2 + -1 + (21 - (-2 + 14 + 23)).
-4
(0 - -6) + (-596 - -566) + -86 + 0
-110
Evaluate -2 + 1 + -5271 + 5198.
-74
Calculate -21 - (5 + (3 - (3 - -83))).
57
Evaluate -29 - (-6 + (4 - 13) + 18 + -10).
-22
What is -55 - (-65 + -3 + 19)?
-6
Evaluate (1 - (-1 - -3 - 0)) + -157 + 4 + 117.
-37
What is the value of -298 + 283 - ((7 - 4) + -63)?
45
What is -56 - (64 - 74) - -66?
20
21 + (-15 - (29 - 41))
18
13 - 0 - ((387 - 213) + -234) - (-6 + 0)
79
-10 + (-5 + 1 - ((-24 + 31 - -16) + -16))
-21
Calculate (-2 - (8 - (0 + 2))) + 118 + -70.
40
What is the value of 14 + 1 + (2247 - 2275)?
-13
What is -25 - 2 - (-4 + 4 + -5 - 11)?
-11
5 - -2 - -3 - (17 + -20 + 14)
-1
Calculate -22 - (-38 + 51 + 0 + -11).
-24
What is -83 + (20 - 17) + 68?
-12
Evaluate 1 + -28 + 1 + 3320 + -3350.
-56
What is 62 - (61 - (-31 + 71))?
41
Evaluate -488 + 460 - (32 + (0 - -1)).
-61
What is the value of (-14 - -129) + 71 + -130?
56
-1 + 44 + -113 + 104 + -5
29
What is the value of -106 + -7 + 27 - 1?
-87
Evaluate 393 - (-164 + 520) - (-4 + 2 - 6).
45
What is the value of -116 - -49 - (-4 - (15 + -6 - (21 + -5)))?
-70
What is the value of (-13 - 0) + (14 - -1) + (6 - 1) - -14?
21
What is the value of 1 + 6 - (177 - -9 - 49)?
-130
What is the value of (-3 - (7 - -18)) + (-2 - (14 - 11)) + -5?
-38
14 + -27 + 129 - (144 + -95)
67
Calculate -23 + -67 - (-10 + (-4 + 14 - 14)).
-76
Evaluate -19 + 1 + (1031 - 965).
48
Evaluate -248 + -23 + 277 + -139.
-133
What is the value of -21 - (173 + (68 - 130))?
-132
Evaluate (-6 - 0) + (-114 - (-115 + 113) - (-6 + 1)).
-113
Calculate 901 - 947 - (8 - -1).
-55
Evaluate -43 - -55 - (4 + 18) - (-57 + 2).
45
What is -58 + (30 - (-2 + -6 - -11))?
-31
Calculate (107 - 4) + 818 + -887.
34
Evaluate 61 - ((110 - -9) + 7).
-65
104 - (-27 + (22 - -64) + -29)
74
(4 - (-26 - -28)) + 33 + -24
11
63 + -68 + 32 + -15
12
Calculate -15 - (4 + -25 + 20) - 18.
-32
(-16 + (-3 - -4) - (0 - 3)) + -65 - -2
-75
Evaluate (-3 - 16) + (11 - (-29 + 57)).
-36
-87 + -19 + (-8 - -23) + 21
-70
What is the value of (74 + -42 - 14 - 29) + (1 - 40)?
-50
What is 10 + (-1 - 0) - (14 + (-20 - 28) + -13)?
56
Evaluate (-12 - (-15 + 9)) + 6 + 10 + -29.
-19
6 + ((-189 - -118) + 63 - (-1 + -30))
29
57 - (-4 - (40 - 25))
76
(-81 - (166 + -206)) + (0 - 30)
-71
What is -15 + (125 - 31) - 43?
36
What is -19 + -2 + (-36 - -60) + -18?
-15
What is 19 - (-8 - (13 + -6 + -18 - 93))?
-77
What is 16 - (-110 - (-116 + 50))?
60
What is (-3 - -110) + -6 - (26 - 24 - -10)?
89
Calculate 52 + (4 + -7 - (3 - 16) - (856 - 848)).
54
What is the value of (60 - (61 + 61 - 65)) + (74 - 0 - 1)?
76
What is -131 - (139 + -282 + 135)?
-123
What is the value of 63 + -50 + -28 - (3 - 5)?
-13
Calculate -15 + (6 - (-20 - (14 - -32))).
57
What is the value of 114 + (2 + 2 - (-21 + 0 - -21)) + 8?
126
-71 + 19 + 22 + -40
-70
Calculate 8 - (14 - (-3 + -80 - -28)).
-61
(-1 - 0) + -54 + 65 + -62
-52
What is -5 - (-13 + -24 + 8 + -8 + 10)?
22
What is 24 + (-380 + 367 - (0 - 16))?
27
Evaluate -65 + (-46 - (77 - 189)).
1
Calculate 0 - ((-1 - -19) + 33 - (0 - -5)).
-46
91 + 20 + -22 - 21
68
What is the value of (-10 - (18 - 10) - -25 - 129) + 3 + -1?
-120
-160 - (-49 + 164 - 225)
-50
What is 1 + -20 + 9 - (-57 + 19) - 21?
7
2 + -9 - 5 - (-86 - (-6 - (-5 - -3)))
70
Calculate -73 - -80 - 86 - -182.
103
Calculate 5 + 17 + -1 + -11 - (14 + (8 - 3)).
-9
52 - (3 - 2) - (1939 - 1939)
51
2 - (-24 + -68 + 134)
-40
What is 8667 - 8577 - (0 + 74)?
16
-6 + -7 + 15 - (45 + (-3 - 2))
-38
-13 + -2 - (-945 + 929 + 134 + 1)
-134
Calculate -5 - (2 - (4 + 1) - (-122 - -141)).
17
Calculate (-15 - (-42 + 23 + -100)) + 24.
128
-41 + (-5 - ((13 - 0) + (-68 - -63) - 6))
-48
What is (1822 - 1766) + (-64 - 0)?
-8
Evaluate 297 + -306 - (-8 + -1 - 101).
101
Calculate 94 - (35 - 6 - -28).
37
What is the value of -10 + (-62 - 2 - (-13 + -1 - -4)) + 10?
-54
70 + 8 + (-59 - -52)
71
Evaluate (17 - (-8 - -18)) + -2 + 3 + -5.
3
Evaluate (-443 - -403) + (0 - -10).
-30
(30 - 55) + 76 + -7
44
Calculate (38 - -1) + (-3